{"id":604,"date":"2017-03-26T22:48:57","date_gmt":"2017-03-26T20:48:57","guid":{"rendered":"http:\/\/www.maidlakyla.ee\/?page_id=604"},"modified":"2021-12-30T19:04:36","modified_gmt":"2021-12-30T17:04:36","slug":"maidla-mois-wredenhagen","status":"publish","type":"page","link":"https:\/\/www.maidlakyla.ee\/?page_id=604","title":{"rendered":"Maidla m\u00f5is (Wredenhagen)"},"content":{"rendered":"<p>Maidla m\u00f5is (Wredenhagen)<\/p>\n<p>Maidla m\u00f5isa on esmamainitud 1465. aastal Pernurme m\u00f5isana. Tollane M\u00f5is asus Maidla j\u00f5e \u00e4\u00e4res n\u00fc\u00fcdsest m\u00f5isas\u00fcdamest umbes pool kilomeetrit allavoolu, praeguse Sillaotsa talu maadel. M\u00f5is on kuulunud \u00a0von Maydellitele, Campenhausenitele, Klugenitele Fersenitele, Wilckenite ja Mohrenschilte.<\/p>\n<p>Alates 1871. aastast kuni v\u00f5\u00f5randamiseni oli m\u00f5is Markgrafide perekonna omanduses.1867 aastal p\u00fcstitati m\u00f5isa pikk \u00fchekorruseline kivist peahoone. Hoone kolme akna laiune keskosa oli kahekorruseline ning seda kaunistasid kaaraknad. Parempoolne tiib oli veidi eenduv ning seda ehtis kolmnurkfrontoon. T\u00e4naseks on hoonest s\u00e4ilinud vaid vasaku otsa varemed &#8211; \u00fclej\u00e4\u00e4nud hoone lammutati 1930.aastal.<\/p>\n<p><a href=\"https:\/\/www.maidlakyla.ee\/img\/uploads\/2017\/03\/Maidla-m\u00f5is-taraga.jpg\"><img loading=\"lazy\" decoding=\"async\" class=\"aligncenter  wp-image-606\" src=\"https:\/\/www.maidlakyla.ee\/img\/uploads\/2017\/03\/Maidla-m\u00f5is-taraga.jpg\" alt=\"Maidla m\u00f5is taraga\" width=\"644\" height=\"293\" srcset=\"https:\/\/www.maidlakyla.ee\/img\/uploads\/2017\/03\/Maidla-m\u00f5is-taraga.jpg 928w, https:\/\/www.maidlakyla.ee\/img\/uploads\/2017\/03\/Maidla-m\u00f5is-taraga-300x136.jpg 300w\" sizes=\"(max-width: 644px) 100vw, 644px\" \/><\/a><\/p>\n\n\n<figure class=\"wp-block-image size-large is-resized is-style-rounded\"><a href=\"https:\/\/www.maidlakyla.ee\/img\/uploads\/2017\/03\/maidla-m\u00f5is.jpg\"><img loading=\"lazy\" decoding=\"async\" src=\"https:\/\/www.maidlakyla.ee\/img\/uploads\/2017\/03\/maidla-m\u00f5is-1024x664.jpg\" alt=\"\" class=\"wp-image-605\" width=\"640\" height=\"415\" srcset=\"https:\/\/www.maidlakyla.ee\/img\/uploads\/2017\/03\/maidla-m\u00f5is-1024x664.jpg 1024w, https:\/\/www.maidlakyla.ee\/img\/uploads\/2017\/03\/maidla-m\u00f5is-300x195.jpg 300w\" sizes=\"(max-width: 640px) 100vw, 640px\" \/><\/a><figcaption>Pildi on maalinud August Viiul<\/figcaption><\/figure>\n\n\n\n<p><\/p>\n","protected":false},"excerpt":{"rendered":"<p>Maidla m\u00f5is (Wredenhagen) Maidla m\u00f5isa on esmamainitud 1465. aastal Pernurme m\u00f5isana. Tollane M\u00f5is asus Maidla j\u00f5e \u00e4\u00e4res n\u00fc\u00fcdsest m\u00f5isas\u00fcdamest umbes pool kilomeetrit allavoolu, praeguse Sillaotsa talu maadel. M\u00f5is on kuulunud \u00a0von Maydellitele, Campenhausenitele, Klugenitele Fersenitele, Wilckenite ja Mohrenschilte. Alates 1871. &hellip; <a href=\"https:\/\/www.maidlakyla.ee\/?page_id=604\">J\u00e4tka lugemist <span class=\"meta-nav\">&rarr;<\/span><\/a><\/p>\n","protected":false},"author":12,"featured_media":0,"parent":24,"menu_order":3,"comment_status":"closed","ping_status":"closed","template":"","meta":{"footnotes":""},"_links":{"self":[{"href":"https:\/\/www.maidlakyla.ee\/index.php?rest_route=\/wp\/v2\/pages\/604"}],"collection":[{"href":"https:\/\/www.maidlakyla.ee\/index.php?rest_route=\/wp\/v2\/pages"}],"about":[{"href":"https:\/\/www.maidlakyla.ee\/index.php?rest_route=\/wp\/v2\/types\/page"}],"author":[{"embeddable":true,"href":"https:\/\/www.maidlakyla.ee\/index.php?rest_route=\/wp\/v2\/users\/12"}],"replies":[{"embeddable":true,"href":"https:\/\/www.maidlakyla.ee\/index.php?rest_route=%2Fwp%2Fv2%2Fcomments&post=604"}],"version-history":[{"count":2,"href":"https:\/\/www.maidlakyla.ee\/index.php?rest_route=\/wp\/v2\/pages\/604\/revisions"}],"predecessor-version":[{"id":2322,"href":"https:\/\/www.maidlakyla.ee\/index.php?rest_route=\/wp\/v2\/pages\/604\/revisions\/2322"}],"up":[{"embeddable":true,"href":"https:\/\/www.maidlakyla.ee\/index.php?rest_route=\/wp\/v2\/pages\/24"}],"wp:attachment":[{"href":"https:\/\/www.maidlakyla.ee\/index.php?rest_route=%2Fwp%2Fv2%2Fmedia&parent=604"}],"curies":[{"name":"wp","href":"https:\/\/api.w.org\/{rel}","templated":true}]}}