{"id":566,"date":"2016-11-28T15:39:20","date_gmt":"2016-11-28T13:39:20","guid":{"rendered":"http:\/\/www.maidlakyla.ee\/?page_id=566"},"modified":"2025-04-01T22:21:13","modified_gmt":"2025-04-01T20:21:13","slug":"kulavanemad","status":"publish","type":"page","link":"https:\/\/www.maidlakyla.ee\/?page_id=566","title":{"rendered":"K\u00fclavanemad"},"content":{"rendered":"<p><strong>Maidla ja P\u00e4rinurme k\u00fclade k\u00fclavanemad:<\/strong><\/p>\n<p>2016-2025 Margus Reintam<\/p>\n<p>2014 &#8211; 2015: Siim Valgev\u00e4li<\/p>\n<p>2009 \u2013 2014: Aavo Mitt<\/p>\n<p>2005 \u2013 2009: Valter Gr\u00fcnberg<\/p>\n","protected":false},"excerpt":{"rendered":"<p>Maidla ja P\u00e4rinurme k\u00fclade k\u00fclavanemad: 2016-2025 Margus Reintam 2014 &#8211; 2015: Siim Valgev\u00e4li 2009 \u2013 2014: Aavo Mitt 2005 \u2013 2009: Valter Gr\u00fcnberg<\/p>\n","protected":false},"author":12,"featured_media":0,"parent":24,"menu_order":0,"comment_status":"closed","ping_status":"closed","template":"","meta":{"footnotes":""},"_links":{"self":[{"href":"https:\/\/www.maidlakyla.ee\/index.php?rest_route=\/wp\/v2\/pages\/566"}],"collection":[{"href":"https:\/\/www.maidlakyla.ee\/index.php?rest_route=\/wp\/v2\/pages"}],"about":[{"href":"https:\/\/www.maidlakyla.ee\/index.php?rest_route=\/wp\/v2\/types\/page"}],"author":[{"embeddable":true,"href":"https:\/\/www.maidlakyla.ee\/index.php?rest_route=\/wp\/v2\/users\/12"}],"replies":[{"embeddable":true,"href":"https:\/\/www.maidlakyla.ee\/index.php?rest_route=%2Fwp%2Fv2%2Fcomments&post=566"}],"version-history":[{"count":4,"href":"https:\/\/www.maidlakyla.ee\/index.php?rest_route=\/wp\/v2\/pages\/566\/revisions"}],"predecessor-version":[{"id":2662,"href":"https:\/\/www.maidlakyla.ee\/index.php?rest_route=\/wp\/v2\/pages\/566\/revisions\/2662"}],"up":[{"embeddable":true,"href":"https:\/\/www.maidlakyla.ee\/index.php?rest_route=\/wp\/v2\/pages\/24"}],"wp:attachment":[{"href":"https:\/\/www.maidlakyla.ee\/index.php?rest_route=%2Fwp%2Fv2%2Fmedia&parent=566"}],"curies":[{"name":"wp","href":"https:\/\/api.w.org\/{rel}","templated":true}]}}